 5*j**2 + 9*j - 11. Let w(i) = i**2 + 2*i - 2. Let p be w(4). Let g = p - 16. Calculate the remainder when y(g) is divided by 27.
25
Suppose -v - 2*v - 63 = -3*r, 3*v + 68 = 4*r. Let m = v - -25. Let i = 11 - m. Calculate the remainder when 7 is divided by i.
1
Let f = -188 + 82. Let n = f + 189. Suppose 2*z - 90 = -2*c - 52, -c + 17 = 2*z. Calculate the remainder when n is divided by c.
20
Suppose 2*q = -5*a + 31, -4*a + q + 34 = -2*q. Let o = 127 + -72. Calculate the remainder when o is divided by a.
6
Let l = 241 + -16. What is the remainder when l is divided by 79?
67
Suppose -3*s + 2*s = -5*q - 128, -4*q = -2*s + 256. What is the remainder when s is divided by ((-44)/6)/(2/(-9))?
29
Let u be 3*23*4/12. Let o = u + -14. Suppose -94*q - 90 = -100*q. Calculate the remainder when q is divided by o.
6
Let y(c) = 4*c - 4. Suppose m + 120 = 5*m. What is the remainder when m is divided by y(3)?
6
Let o be ((-2)/1)/4*2. Let v(y) be the first derivative of 124*y**3/3 - y**2/2 + 32. What is the remainder when v(o) is divided by 32?
29
Let d be (6 - 8) + (0 + -18 - 1). Let m(h) = -h**3 - 20*h**2 + 19*h - 21. What is the remainder when m(d) is divided by 8?
5
Let d(i) = -i**2 - 20*i + 18. Calculate the remainder when 198 is divided by d(-11).
81
Let s = 53 - 50. Calculate the remainder when 7 is divided by s*8/(-12) - -7.
2
Suppose 2*z = 16 + 26. Let r = -18 - -10. Calculate the remainder when z is divided by 4/(-1 + r/(-6)).
9
Let d = -812 - -964. Let t = 54 + -23. What is the remainder when d is divided by t?
28
Suppose -54*j + 58*j = 432. Suppose 0 = -13*a - 4 + j. Calculate the remainder when 28 is divided by a.
4
Let d = 778 + -666. Calculate the remainder when d is divided by 57.
55
Suppose -36 = -6*z + 48. Calculate the remainder when 45/2 - (28/8 + -4) is divided by z.
9
Suppose 0*x + 3*x = 24. Let g(k) = k**3 - 4*k**2 - 5*k - 23. What is the remainder when g(6) is divided by (2*1)/(x/28)?
5
Let m(v) = v**3 - 14*v**2 + 27*v - 10. Suppose n + 3*o - 24 = 0, -3*n = n + 4*o - 64. What is the remainder when m(n) is divided by 9?
8
Let k = -182 - -205. What is the remainder when k is divided by 10?
3
Let x(w) = -w**2 - 32*w + 391. Calculate the remainder when x(-41) is divided by 6.
4
Let b be 339/2 + (-18)/(-12). Suppose 11 - b = -5*a. What is the remainder when 221 is divided by a?
29
Suppose 212 = -604*o + 608*o. Calculate the remainder when 1005 is divided by o.
51
Suppose 3*w - 37 = -2*r, -w - 13 = -r + 8. Let v(p) = 4*p**2 + 42*p + 157. Calculate the remainder when v(-10) is divided by r.
17
Calculate the remainder when 381 is divided by (6075/(-21))/(-3) + 6/(-14).
93
Suppose -8*h = -3*h - 345. What is the remainder when h is divided by 48?
21
Let w be (3 - 2)*(-1 - 1). Let s = 66 + w. Suppose -3*r + s = r. Calculate the remainder when 61 is divided by r.
13
Suppose 6*y = -5*j + y + 30, -4*y = -j + 21. Let o(t) = t**2 - 3*t - 27. What is the remainder when 77 is divided by o(j)?
23
Let a be (3/2)/(4 - 45/10). Let n(p) be the first derivative of -9*p**2 + p + 1. What is the remainder when n(a) is divided by 19?
17
Let z = 7 + 31. Suppose -10*y = -6*y - 12. Suppose -41 = -5*r + y*l, -3*l + 34 - 5 = 2*r. What is the remainder when z is divided by r?
8
Let s = 2258 + -1210. What is the remainder when s is divided by 30?
28
Let r be (-168)/(-3 + 12/3). Let m = r + 235. Let t = 18 + -1. What is the remainder when m is divided by t?
16
Let c = 970 - 932. Calculate the remainder when 126 is divided by c.
12
Suppose -2*z = -6*z + 44. Suppose 272*x = 258*x + 434. Calculate the remainder when x is divided by z.
9
What is the remainder when (-1)/((36/(-724))/9) is divided by 65?
51
Let c = -1 - -1. Suppose c = 2*g + 3*g - 90. Calculate the remainder when g is divided by 5.
3
Let s(i) = 31*i**2 + 1. Calculate the remainder when (-28)/(-49) + 0 - 2508/(-21) is divided by s(1).
24
Let r = 36 + -36. Suppose i + 2*i = -2*u + 92, r = 4*i + 3*u - 122. Calculate the remainder when i is divided by 7.
4
Let q be 5/(-4) - (-2)/8. Suppose -3*s = 5*f - 98, -13*s + 221 + 31 = -3*f. Calculate the remainder when s is divided by (-9)/(5/(-2) - q).
3
Let a(j) = -2*j**2 + j + 0 + 31*j**2 - 1 + 16*j**2. Let z(m) = 4*m. What is the remainder when a(1) is divided by z(4)?
13
Let x be 0 - (-3 - (0 + 0)). Suppose -4 - 2 = -x*g. Suppose -g*j - 32 = -4*d, 5*d - 34 = 2*j - j. What is the remainder when d is divided by 3?
0
Let b be 2/4*(-44)/(-22). Calculate the remainder when b/(-1 - (-35)/34) is divided by 7.
6
Suppose -2*r = 3*t - 35, 25*t - 28*t - 9 = 0. Suppose 0 = -5*l - 4 + 764. What is the remainder when l is divided by r?
20
Let n(a) = -a**3 - 20*a**2 + 64*a - 26. Calculate the remainder when 168 is divided by n(-23).
79
Suppose 5*y - 3*y - 384 = 0. Suppose -y = 3*s + s. What is the remainder when 82 is divided by 16/s + (-170)/(-6)?
26
Let t(u) be the first derivative of -u**4/4 + u**2 + 2*u - 2. Suppose -4*f = -5*m - 14, -3*m + 3 = 5*f + 4. Calculate the remainder when t(m) is divided by 3.
0
Suppose 2*l - 45 = 63. What is the remainder when l is divided by 10?
4
Suppose 0 = -4*s - 0*s, 5*h + 3*s - 25 = 0. Suppose -19 - 26 = -h*c. What is the remainder when 38 is divided by c?
2
Suppose -5752*z + 5757*z = 25. What is the remainder when 359 is divided by z?
4
What is the remainder when (-1)/(0 - (-6)/(-822)) is divided by 29?
21
What is the remainder when 183 is divided by (14/10)/(15/225)?
15
Suppose -3*l - n + 9 = 2*n, -l + 4*n = -13. Suppose -3*p + l = -1. Suppose -10 = p*b - 3*f - 66, -b - f + 23 = 0. What is the remainder when b is divided by 9?
7
Suppose 2*l - 102 = -2*f, -f - 45 - 42 = -2*l. Suppose 4*q - 55 + 31 = 0. Calculate the remainder when l is divided by q.
4
Let g = 7 + 55. Suppose 0 = -24*f + 25*f - 11. Calculate the remainder when g is divided by f.
7
Let t = -11 + 44. What is the remainder when t is divided by 5?
3
Suppose -6*i - 14 = -8*i. What is the remainder when 24 is divided by i?
3
Let y = -20 + 27. Let a(c) = c**2 - 5*c. Let i be a(5). Let f = y + i. Calculate the remainder when 27 is divided by f.
6
What is the remainder when 5/(-4) - (-5510)/152 is divided by 32?
3
Suppose 6*d - d - 50 = 0. What is the remainder when 5/(25/195)*(-7)/(-7) is divided by d?
9
Suppose 3*y = -5*i - 79, -2*i - y + 4*y = 40. Suppose -3*f + 4*u + 8 = -5*f, -4*f - 61 = -u. Let v = f - i. What is the remainder when 15 is divided by v?
0
Let a be (-138)/(-9) - 4/12. Suppose -a*r + 3 = -14*r. Let d = 18 - 7. Calculate the remainder when d is divided by r.
2
Suppose 0 = -4*p + 4. What is the remainder when 8 is divided by (p/2)/((-5)/(-30))?
2
Suppose -20 = -7*q + 15. Suppose -i + 12 = 4. What is the remainder when i is divided by q?
3
Suppose 2*p + 3*u = -214, -p - 3*u - 108 = -2*u. Let t = 145 + p. What is the remainder when 68 is divided by t?
33
Let g be (18/4)/((-6)/(-8)). Suppose 2*h - 6 = -l, -2*h = 5*l - 39 + 1. Calculate the remainder when (41 - l)*8/g is divided by 15.
14
Suppose -6*a + 24 = -9*a. What is the remainder when 148 is divided by ((-6)/(-1) - 26)*10/a?
23
Suppose 0 = 2*o - 0*o + 122. Let k = -47 - o. What is the remainder when 66 is divided by k?
10
Calculate the remainder when 15/(-6)*5/((-100)/408) is divided by 20.
11
Let a = 59 + -56. Suppose -a*j - 47 = -2*h, 0 = -h - 2*j - 0*j + 6. Calculate the remainder when 58 is divided by h.
10
Suppose 2*p + 2*p - 1596 = m, 5*p - 1988 = 3*m. Calculate the remainder when (p/(-48))/(((-4)/6)/2) is divided by 14.
11
What is the remainder when 395 is divided by (756/(-336))/(0 - (-3)/(-16))?
11
Let f(d) be the first derivative of -2*d**2 - d**2 - 1 - 3*d - 4 + d**2. What is the remainder when 37 is divided by f(-4)?
11
Let x = -85 + 253. Calculate the remainder when x is divided by 26.
12
Let a = 13 + -11. Suppose c - 2*t = 3 - 5, a*c - 3*t + 3 = 0. Suppose -3*i + 0*i + 123 = c. Calculate the remainder when i is divided by 14.
13
Let k(s) = s**3 + 5*s**2 - 7*s + 5. Suppose 2*j + 3*j = -3*i - 1, 0 = -4*i + 3*j + 18. What is the remainder when i/(45/10)*63 is divided by k(-6)?
9
Let q(w) = -22*w**3 - 2*w**2 - w. Let h(r) = r**2 + 18*r + 16. Let d be h(-17). Calculate the remainder when (2/(-4))/(2/(-164)) is divided by q(d).
20
Suppose -2*z + 82 = -16. Suppose -5*i - j + 424 = -3*j, -5*j = i - 101. Let a = 